8 + 952. Let v(f) = f**3 - 4*f**2 + 3*f - 6. Determine v(u).
6
Let s(h) = -h**3 - h**2 + 5*h + 4. Suppose -15 = 4*u + 3*l, -9*u - 3*l - 12 = -6*u. Give s(u).
7
Let m(l) be the first derivative of -3*l**4/4 - l**3/3 - 3*l**2/2 - 2*l - 93. What is m(-1)?
3
Let f = -39 + 35. Let g(h) = -2*h + 1. Let y(o) = o. Let x(b) = f*g(b) - 7*y(b). Let s(q) = 8*q - 1. Let p be s(1). Determine x(p).
3
Let g(o) be the second derivative of -o**4/6 + 2*o**3/3 + 4*o**2 - 19*o - 1. Calculate g(6).
-40
Let a(p) = -9*p**3 + 14*p**2 - 3*p + 7. Suppose -19 = -6*v + 23. Let q(f) = -5*f**3 + 7*f**2 - f + 4. Let o(y) = v*q(y) - 4*a(y). Give o(6).
-6
Suppose -3*c = -0*w + 3*w - 18, -w = -3*c + 6. Let o(n) = 4*n - 4*n**2 - 1 + 8 + n**c - 8. Determine o(3).
2
Let y(l) = l**3 + 4*l**2 - 2*l + 5. Let j be 1/(-2) - (-21)/(-6). Calculate y(j).
13
Suppose 3*a + 5*i + 9 = 0, 7*a + 5*i = 2*a - 5. Let f(y) = -1 + 2*y**3 + 2*y**3 + y - 3*y + 2 + a*y**2. Give f(1).
5
Let s(a) be the second derivative of -a**5/20 - a**4/4 + a**3/6 - a**2 - 103*a. Let p be 8/(-12)*1*3. Let r be (0 + 0 - 1) + p. What is s(r)?
-5
Let k(w) = -w**3 + 8*w**2 - 6*w - 1. Let y be 6/15*-10 - -1*11. What is k(y)?
6
Let i = 369 + -364. Let z(w) be the third derivative of 3*w**2 - 5/6*w**3 + 0*w - 1/60*w**i + 0 - 7/24*w**4. Give z(-5).
5
Let d(f) = f**2 - f - 2. Let a be d(0). Let u(m) = 13*m + 4. Let o(r) = 4 + 7*r + 3*r - 6*r - 3. Let s(g) = -7*o(g) + 2*u(g). Determine s(a).
5
Let s(h) = h**2 - h. Let g be (-186)/(-18) + 1/(-3). Let q be ((-9)/6)/(5/g). Let w be -2 + 9/3 + q. Determine s(w).
6
Let o(m) = 17 - 20 + 2 - 3*m. Suppose 0 = -3*x + 2*x. Suppose 4*l + 3 + 1 = x. What is o(l)?
2
Let u(a) be the first derivative of 4 + 0*a - 1/2*a**2 - 1/3*a**3. Calculate u(-2).
-2
Let n(k) be the first derivative of -k**3/3 - 7*k**2/2 - 6*k + 66. Calculate n(-4).
6
Suppose 0 = -16*p + 4 - 20. Let v(b) = -5*b**3 - b**2 - b - 1. What is v(p)?
4
Let w = -1357/72 - -170/9. Let s(v) be the third derivative of -1/6*v**3 - 1/40*v**6 - 1/30*v**5 + 0 - v**2 + 0*v + w*v**4. Determine s(-2).
13
Suppose -5 = -2*d + 3*d - o, -4*d - 3*o + 15 = 0. Let b be (-1)/3 + 5/15. Let x(p) = b*p - p - 2 + 5 + p**2 - 2. Determine x(d).
1
Let a(l) = -4*l**3 - 3*l + 1 + 1 - l**2 + 4*l**2 + 3*l**3. Suppose -51 = -5*r - 36. Give a(r).
-7
Let x be 27/(324/48) - (1 + -1). Let i(z) = -6*z + 28. Calculate i(x).
4
Let a(v) be the first derivative of 1/2*v**2 + 0*v - 12 - 1/3*v**3. Calculate a(3).
-6
Let u(c) = -3*c - 9. Let r be -1 + 3*(-10)/15. Let d(q) = -2*q - 8. Let s(k) = r*u(k) + 4*d(k). Give s(-4).
-9
Let l(v) be the first derivative of -v**6/45 - v**5/120 + 20*v**3/3 + 20. Let q(c) be the third derivative of l(c). What is q(-1)?
-7
Let x(k) be the third derivative of -17*k**6/120 - k**5/30 + k**4/12 + k**3/2 + 41*k**2 - 1. What is x(-1)?
16
Let g(c) = 11*c - 48. Let u(y) = 7*y - 31. Let i(x) = 5*g(x) - 8*u(x). Give i(5).
3
Let h(x) be the first derivative of x**2/2 - x - 4. Suppose 12*k = 10*k + 4. What is h(k)?
1
Let d(g) = 11*g**3 - 33*g**2 - 22*g - 42. Let n(s) = -5*s**3 + 16*s**2 + 11*s + 21. Let i(p) = 6*d(p) + 13*n(p). Determine i(-9).
3
Let w(s) = -s + 2 - 2*s**3 - 5*s**2 + 3*s**3 + s**2 + 4*s**2 - s**2. Calculate w(0).
2
Let f(v) = -6*v - 10. Let r(s) = s + 1. Let i(l) = -f(l) - 5*r(l). Let c = -2091 + 2095. Calculate i(c).
9
Let t(n) = 3*n - 3. Suppose 0*b + 6*b = 60. Suppose b*j + 4 = 34. Determine t(j).
6
Let z(s) = s + 3. Suppose 3*w - 5*w + 12 = 4*k, -4*k - 8 = 0. Suppose 6*d - w*d = 0. Give z(d).
3
Suppose w + 14 = 18. Suppose 0*a - w*a = -3*s + 3, -a = 5*s + 18. Let k(z) = -z**2 + 3. Determine k(s).
-6
Let n(b) = -b**3 + 6*b**2 - b + 5. Let h = -27 - -15. Let t be 6/2*64/h. Let k(o) = o**3 + 16*o**2 - o - 10. Let m be k(t). What is n(m)?
-1
Let m = -47 + 46. Let a(q) = -q**3 - 9*q**2 - 7*q + 7. Let o(c) = 1. Let i(x) = m*a(x) + 4*o(x). What is i(-8)?
5
Let q(s) = 4*s**2 - 1. Suppose 295 = 5*v - 4*w, v - 77 + 2 = 4*w. Let y be (-10)/v + (-92)/(-22). Let m be (2/4)/((-2)/y). Calculate q(m).
3
Let t(g) be the second derivative of 1/3*g**4 + 1/2*g**3 + 0 + 1/2*g**2 - 8*g. Calculate t(-2).
11
Let s(k) = 3*k - 11*k**2 + 9*k**2 + 7*k**2 - k. Suppose 1 - 7 = 3*g. Give s(g).
16
Let u(b) = b**2 + 2*b. Let d be u(-1). Suppose -2*g + 0*g = 0. Let i(a) = -a + g - 4*a + 1. Determine i(d).
6
Let j = -1 + 2. Let d = j + 29. Let b = 27 - d. Let q(t) = -t**3 + 3*t - 4. What is q(b)?
14
Let t(a) = -a + 2. Let s(o) = -16*o - 174. Let u be s(-11). Determine t(u).
0
Let k(d) = 6*d**2 + 2*d - 43. Let f(z) = 2*z**2 + z - 14. Let g(i) = 17*f(i) - 6*k(i). Let s(h) be the first derivative of g(h). Give s(5).
-15
Let f = 2 + -4. Let r(i) be the second derivative of 0 + 0*i**3 + i**2 - 7*i - 1/12*i**4. Calculate r(f).
-2
Let k(x) = -x**3 - 12*x**2 + 12*x - 10. Let g be k(-13). Let t(p) = -128 + 64 + p**2 + 63 - g*p. What is t(-2)?
9
Let s(m) = 4*m**3 + 28*m**2 + 7*m + 6. Let n(f) = -f**3 - 9*f**2 - 2*f - 2. Let b(a) = -7*n(a) - 2*s(a). Determine b(6).
38
Let c(h) = -h**3 + h**2 + h. Let u(d) = 5*d**3 - 8*d**2 - 6*d + 1. Let r(p) = 6*c(p) + u(p). Let k(s) = s**3 + 8*s**2 - s - 7. Let v be k(-8). What is r(v)?
-2
Let i(u) = 2*u + 1. Let j(o) be the third derivative of o**6/120 - o**5/30 - o**4/8 + o**3/2 + 4*o**2. Let p be j(3). Let s be 2 + (p - 1) + -3. Determine i(s).
3
Suppose 5*r + 5*w = 5, 3*r + r = 4*w + 20. Suppose r*l - 5*l = -6. Let d(b) = -6*b**l + 5*b**3 + b**2 - 2 + b**2. Determine d(3).
-11
Let a be 2/(-4 + 10 - 5). Let i(g) be the third derivative of -g**6/120 + g**4/12 - g**3/2 + 2*g**2. Give i(a).
-7
Let t be (3 + -2)/(4/(-56)). Let q = 17 + t. Let y(a) = 6*a + 4 - a**2 - 6*a. Determine y(q).
-5
Let n be ((-7)/2)/(-7)*0. Suppose -5*o + 31 = -3*l, o + 3*l - 7*l = 13. Suppose -o*w = 5 - n. Let y(s) = -11*s**3 - s**2 - 2*s - 1. Calculate y(w).
11
Let a(y) = -y + 6. Let r be a(6). Suppose 0 = t + 4*c - 1, -t + r = 5*c - 1. Suppose 0 = -3*b + z - 17, -z = t - 6. Let k(l) = l**2 + 5*l + 6. Give k(b).
2
Suppose 9*m = -3*p + 7*m + 19, -2*p + 2 = -4*m. Let a(j) = -j**3 + 5*j**2 + 5. What is a(p)?
5
Suppose -4 + 0 = -2*k. Let q = -15 + 17. Let w(f) = f + 4. Let d(h) = -5*h - 17. Let t(v) = q*d(v) + 9*w(v). What is t(k)?
0
Let m(w) = 4*w + 1. Let n(g) = -g**2 + 3*g - 2. Let x be n(2). Suppose 4*o - f + x = 3, -9 = -5*o - 4*f. Determine m(o).
5
Let w(d) be the third derivative of -5*d**2 + 7/6*d**3 + 0*d + 1/24*d**4 + 0. Give w(-3).
4
Let y(n) = 6*n**2 - 7*n + 4. Let c(h) = h**2 - h + 1. Let d(k) = -5*c(k) + y(k). Let j be -3*(-7)/(-21)*1. Calculate d(j).
2
Let g(n) = 3*n - 1. Let y(k) = -1. Let q(l) = -g(l) + 3*y(l). Let i = -36 - -39. Suppose i*x = 5*x + 5*j - 24, 3*x - 18 = -3*j. What is q(x)?
-8
Suppose -138 = -4*u - 166. Let i(l) = -l**3 - 7*l**2 - 4*l - 5. Determine i(u).
23
Suppose -3*o + 2*o - 4 = y, 3*o = 5*y - 12. Let m(w) = 312 - 160 + 0*w + w - 155. Calculate m(o).
-7
Let w = 4 + -1. Suppose 0 = -9*z + 12*z - 9. Let c(s) = -4*s + s**w + 0*s**3 - 3 - s**3 + s**z. Give c(-2).
-3
Let y(c) = c**2 + 2*c - 3. Let t = 497 + -503. Calculate y(t).
21
Let x(l) = -l**3 - 5*l**2 - 3*l + 1. Suppose v + 2*v + 4*i - 1 = 0, -4*i + 26 = -2*v. Give x(v).
16
Let p(h) be the second derivative of 8*h**3/3 - h**2/2 + 201*h - 1. Give p(-1).
-17
Let l = -9 - -5. Let b(s) = 2*s**2 + s. Let y be b(1). Let c(a) = -4*a + 0*a**3 - 5*a**2 + 0*a**y + 2 - a**3. What is c(l)?
2
Let l(p) = p**3 - 3*p**2 + p + 3. Let b be l(3). Let j(s) = -746 + 743 + 0*s + 2*s - s. Give j(b).
3
Let d(w) = 3*w - 19. Let b(r) = -2*r + 15. Let k(x) = 4*b(x) + 3*d(x). Let i = -1 + 5. Calculate k(i).
7
Let l(p) = p**3 - 6*p**2 - 2*p + 9. Let d = 380 + -373. Calculate l(d).
44
Let z(i) = 2*i**2 - 1. Suppose -7*n + s = -2*n - 24, 5*n + 3*s = 28. Suppose -n*u = -4*u - 3. Suppose -u*m + 6*m + 3 = 0. Determine z(m).
1
Let s(a) = 2*a + 5. Let b be s(-5). Let h(t) = -2*t**2 + 9*t + 1. Let y(n) = n**2 - 2*n - 1. Let q(r) = -h(r) - 3*y(r). What is q(b)?
-8
Let c(a) = a - 2. Let o(g) be the second derivative of 0 + 0*g**2 - 1/6*g**3 - 5*g. Let d(h) = -c(h) + 2*o(h). Calculate d(3).
-7
Let w(i) = -i - 1. Let y(m) = 5*m + 13. Let s(x) = 6*w(x) + y(x). Let l be s(4). Let p(n) = 3*n - l*n**2 + 0*n - 3*n - n**3 + 2 + 4*n. Give p(-4).
2
Let g(u) be the first derivative of 7*u + 7/2*u**2 - 5/3*u**3 - 1/4*u**4 - 